multiple of 69?
True
Is 33697634 a multiple of 6?
False
Is 48 a factor of 21293376?
True
Is 42787295 a multiple of 80?
False
Is 38 a factor of 6773842?
True
Does 9 divide 1226077831?
False
Is 3182 a factor of 3878313878?
True
Is 37277234 a multiple of 30?
False
Does 155 divide 6108085?
True
Is 427229352 a multiple of 396?
True
Is 1495 a factor of 76143340?
True
Is 34200951 a multiple of 7?
False
Does 14 divide 282061444?
True
Is 29702309 a multiple of 91?
True
Is 4 a factor of 107659408?
True
Does 10 divide 14304137?
False
Does 36 divide 92713445?
False
Is 103944440 a multiple of 4?
True
Is 3 a factor of 12819804?
True
Is 13 a factor of 288899?
True
Is 365620033 a multiple of 311?
False
Is 42818830 a multiple of 18?
False
Is 261923010 a multiple of 470?
True
Is 597159440 a multiple of 4?
True
Is 167523787 a multiple of 798?
False
Is 493457130 a multiple of 30?
True
Does 300 divide 94160400?
True
Is 880509 a multiple of 23?
True
Is 692448379 a multiple of 3487?
False
Does 99 divide 72114705?
False
Is 16 a factor of 65319344?
True
Is 3 a factor of 418520047?
False
Does 478 divide 3842642?
True
Is 21 a factor of 73472973?
True
Is 141297065 a multiple of 9113?
True
Is 14 a factor of 472793873?
False
Is 48782172 a multiple of 141?
False
Is 193894289 a multiple of 2733?
False
Is 14 a factor of 132434274?
True
Is 12629610 a multiple of 6?
True
Is 1427409960 a multiple of 10?
True
Is 325 a factor of 355782979?
False
Is 1686676250 a multiple of 2125?
True
Is 275 a factor of 69250225?
True
Does 52 divide 7471815?
False
Is 289046251 a multiple of 13?
True
Does 550 divide 5280539550?
True
Does 478 divide 821249096?
False
Is 236837932 a multiple of 9571?
False
Is 4 a factor of 61266456?
True
Is 4678392 a multiple of 157?
False
Is 277 a factor of 572074216?
False
Is 97 a factor of 402837702?
True
Is 29021616 a multiple of 2664?
True
Is 3598463862 a multiple of 98?
True
Is 9 a factor of 79751074?
False
Does 4 divide 20930052?
True
Does 128 divide 70056876?
False
Is 187 a factor of 27695446?
False
Is 237 a factor of 39683743?
False
Is 200 a factor of 46127800?
True
Is 10718073 a multiple of 201?
False
Does 288 divide 61675200?
True
Does 389 divide 41312581?
False
Does 3949 divide 889738859?
False
Does 73 divide 2068775027?
False
Is 225282790 a multiple of 2741?
True
Does 574 divide 63157794?
True
Does 15 divide 50195281?
False
Is 25453610 a multiple of 14?
True
Does 1175 divide 75681750?
True
Does 30 divide 315652141?
False
Is 20485804 a multiple of 4?
True
Is 97163643 a multiple of 310?
False
Does 27 divide 1186203501?
True
Does 2 divide 57654368?
True
Is 126 a factor of 62383359?
False
Is 65689616 a multiple of 234?
False
Is 337 a factor of 129783138?
False
Does 12 divide 2422584?
True
Is 4752569 a multiple of 454?
False
Is 79472452 a multiple of 56?
False
Does 436 divide 8880340?
False
Does 2087 divide 96784625?
True
Does 1053 divide 74658753?
True
Is 28301680 a multiple of 80?
True
Is 176565362 a multiple of 3?
False
Is 972 a factor of 35588962?
False
Is 241 a factor of 547125430?
True
Is 184458634 a multiple of 26?
False
Is 515 a factor of 32818396?
False
Is 35123328 a multiple of 72?
True
Is 14188 a factor of 2031530034?
False
Is 127346908 a multiple of 21?
False
Does 688 divide 37374912?
True
Is 643384253 a multiple of 5073?
False
Does 93 divide 63816600?
True
Does 10 divide 152188530?
True
Is 3 a factor of 29486566?
False
Is 16 a factor of 12391296?
True
Is 341 a factor of 11122397?
True
Is 20 a factor of 2831541880?
True
Does 24 divide 26012208?
True
Does 4254 divide 6250751?
False
Is 7 a factor of 262677317?
True
Is 766375756 a multiple of 2689?
True
Is 21 a factor of 659927985?
False
Is 3438114 a multiple of 34?
True
Is 9 a factor of 775332198?
True
Does 1435 divide 1356671820?
False
Is 2597048328 a multiple of 1796?
True
Does 60 divide 22954855?
False
Does 843 divide 174013746?
True
Does 22 divide 52495608?
True
Does 460 divide 118935728?
False
Is 65 a factor of 764152617?
False
Is 281409973 a multiple of 559?
False
Is 37 a factor of 5670916?
True
Does 23 divide 963606873?
True
Is 46785510 a multiple of 9?
True
Is 244683 a multiple of 3?
True
Is 838836630 a multiple of 738?
True
Is 125 a factor of 89995386?
False
Does 7 divide 37034592?
True
Is 18 a factor of 6740064?
True
Is 437 a factor of 32335653?
False
Does 16 divide 645797712?
True
Does 752 divide 9989568?
True
Does 946 divide 34485695?
False
Is 87793841 a multiple of 340?
False
Does 18 divide 672197742?
True
Is 63963642 a multiple of 2694?
True
Does 8 divide 3907641?
False
Is 88 a factor of 12658888?
True
Is 65086752 a multiple of 22?
False
Does 551 divide 38923780?
False
Does 9 divide 297657796?
False
Does 16 divide 99088180?
False
Does 191 divide 539863874?
False
Is 368 a factor of 2434159920?
True
Is 592 a factor of 1246897018?
False
Does 251 divide 75963390?
False
Does 433 divide 32485372?
False
Is 8638642 a multiple of 746?
False
Is 48781338 a multiple of 180?
False
Does 715 divide 112849165?
True
Does 14 divide 90631744?
True
Does 264 divide 1503338737?
False
Is 2974076 a multiple of 25?
False
Does 10 divide 4408720?
True
Is 58697022 a multiple of 102?
True
Does 627 divide 16573180?
False
Does 2503 divide 1202419686?
False
Is 39584014 a multiple of 58?
True
Is 6 a factor of 250858056?
True
Does 114 divide 54056150?
False
Is 27 a factor of 8031215873?
False
Is 21 a factor of 32694308?
False
Does 150 divide 3196800?
True
Is 9537 a factor of 3386153226?
False
Is 25550458 a multiple of 42?
False
Is 307 a factor of 46881328?
False
Is 20 a factor of 2460851?
False
Does 179 divide 267263468?
True
Is 11 a factor of 11777337?
True
Is 315 a factor of 466567101?
False
Does 391 divide 68308625?
False
Is 48 a factor of 35811823?
False
Is 9 a factor of 162972930?
False
Is 25 a factor of 34397750?
True
Is 73883516 a multiple of 28?
True
Is 1529077766 a multiple of 4937?
True
Does 15 divide 41941150?
False
Is 3469 a factor of 245858437?
True
Does 347 divide 410917400?
True
Is 5263836 a multiple of 15?
False
Is 1727778237 a multiple of 281?
True
Does 24 divide 123351075?
False
Is 41023007 a multiple of 1219?
True
Does 2401 divide 268554251?
True
Is 691 a factor of 12979744?
True
Does 56 divide 2623824?
True
Is 14661744 a multiple of 24?
True
Does 3 divide 317659084?
False
Is 18 a factor of 432433273?
False
Is 15 a factor of 72246706?
False
Is 1572 a factor of 485564250?
False
Is 656 a factor of 270775903?
False
Is 368 a factor of 567634848?
True
Does 1030 divide 173903140?
True
Is 3269 a factor of 3866705344?
False
Is 43 a factor of 3237479159?
True
Is 26 a factor of 30733283?
False
Is 125 a factor of 1130375?
True
Is 699126963 a multiple of 241?
False
Does 32 divide 440388960?
True
Is 316 a factor of 354510923?
False
Does 24 divide 26484360?
True
Is 179 a factor of 3378967248?
True
Does 16 divide 753301?
False
Is 1382380 a multiple of 78?
False
Is 90255029 a multiple of 8?
False
Is 175 a factor of 11047202?
False
Does 34 divide 362054047?
False
Is 1105315596 a multiple of 8812?
True
Is 72 a factor of 221781456?
True
Does 204 divide 34223830?
False
Is 365867736 a multiple of 43?
True
Is 1800351 a multiple of 153?
True
Is 80 a factor of 298876763?
False
Does 217 divide 17084193?
True
Does 1099 divide 66091617?
False
Is 79832571 a multiple of 91?
True
Is 1082 a factor of 7894428?
False
Does 12 divide 39784296?
True
Is 140 a factor of 68387200?
True
Does 90 divide 3224496?
False
Is 4937056 a multiple of 16?
True
Does 390 divide 3187280460?
True
Is 726984333 a multiple of 983?
False
Is 2840 a factor of 8328209?
False
Is 734 a factor of 244571736?
True
Does 3160 divide 94528240?
True
Does 68 divide 346583501?
False
Is 126137200 a multiple of 2371?
True
Is 39 a factor of 1432567968?
True
Is 38035864 a multiple of 29?
False
Does 76 divide 536997608?
True
Is 6 a factor of 96235248?
True
Does 341 divide 2798148474?
True
Is 77 a factor of 115852330?
False
Does 9 divide 89204386?
False
Does 10 divide 43965992?
False
Is 211803696 a multiple of 24?
True
Does 73 divide 663572677?
False
Does 7 divide 601309559?
False
Is 21 a factor of 17341149?
True
Does 47 divide 801261346?
False
Is 3 a factor of 299929204?
False
Does 150 divide 5640900?
True
Is 58493974 a multiple of 1309?
True
Is 39 a factor of 75528340?
Fal